 when g is divided by b.
2
Suppose 0 = 2*g - 4 - 30. Let b = 89 - 57. What is the remainder when b is divided by g?
15
Suppose -13*x = -10*x - 51. What is the remainder when x is divided by 8?
1
Suppose 49 = 3*s + 1. What is the remainder when 126 is divided by s?
14
Let l be 2 + 376/((-16)/(-4)). Suppose -3*c + 3*t + l = 0, 89 = 3*c - 3*t + 7*t. Calculate the remainder when c is divided by 17.
14
Let r(o) = -o**2 - 18*o - 4. Calculate the remainder when r(-15) is divided by -1 + (2 - 4) + 14.
8
Suppose 37 = -d + 5*j, -3*d + 0*d = 3*j + 21. Let c = -1 - d. Calculate the remainder when 30 is divided by c.
8
Let h = 4 + 14. Suppose -2 = 2*y - 3*y. Suppose -y*q + 4*q = h. Calculate the remainder when q is divided by 5.
4
Let q(o) = -o**3 + 6*o**2 + 6*o + 3. Let r be q(7). Calculate the remainder when 22 is divided by (r/3)/(5/(-30)).
6
What is the remainder when 26 is divided by (-4 + 4 + 5)*3?
11
Let q(c) = -c**3 - 4*c**2 - 2*c + 4. Calculate the remainder when 167 is divided by q(-4).
11
Let z(s) = s + 1. Let c be z(-2). Let k = c - -1. What is the remainder when 19 + (k/2 - -2) is divided by 11?
10
Suppose -2*k - 1 = -7. Calculate the remainder when 3 is divided by k.
0
Let o = -1 + -2. Let w = -3 - o. Suppose w*a + 4 = 2*a. Calculate the remainder when a is divided by 2.
0
Let x(m) = -27*m - 4. Let r(y) = 13*y + 2. Let k(s) = 9*r(s) + 4*x(s). Calculate the remainder when k(5) is divided by 12.
11
Suppose 3*x - 2*q - 2 = 0, q = -3*x - x - 12. Calculate the remainder when (35/x)/(3/(-6)) is divided by 12.
11
Suppose 0*q + 3*z = -5*q - 18, 2*q = -z - 7. Let u = q - -5. Let a(d) = 3*d**2 - 3*d + 2. Calculate the remainder when a(u) is divided by 5.
3
Suppose 4 + 2 = 3*s. Suppose s*f = -0*a + 4*a - 10, -4*a = f - 1. What is the remainder when 2 is divided by a?
0
Let k = 2 - -1. Suppose 0 = k*t - y - 1, -2*y - 4 + 3 = -5*t. What is the remainder when ((-4)/6 - 3/(-18))*-2 is divided by t?
0
Suppose 19 = 5*d - 6. Let r(j) = j - 2 - 5*j - 4 + 2. Calculate the remainder when r(-3) is divided by d.
3
Let n(w) be the third derivative of w**4/24 + 2*w**3/3 + 4*w**2. Let y be n(-2). Suppose y*z + 0*z = 52. Calculate the remainder when z is divided by 9.
8
Let x = 30 - 51. Calculate the remainder when 36 is divided by (-14)/x*114/4.
17
Let a = -9 + 10. Calculate the remainder when (-1)/(-2)*(3 + 1) is divided by a.
0
Let c = -70 + 109. Calculate the remainder when 193 is divided by c.
37
Suppose -3*f = 4*j - 74, 0*j + 3*f = -5*j + 91. Calculate the remainder when 115 is divided by j.
13
Suppose 9*u - 48 = 5*u. What is the remainder when 46 is divided by u?
10
Let m = -4 + 13. Let d(b) = b**2 - 7*b - 6. Calculate the remainder when d(m) is divided by 7.
5
Let b(g) = 2*g**3 - 2*g**2 - 4*g + 9. What is the remainder when b(3) is divided by 21?
12
Suppose 6*m = 2*m + 2*x - 66, -2*m - 48 = 2*x. Let w = 4 - m. What is the remainder when w is divided by 12?
11
Let p(m) = -11*m + 1. Let d(c) = c**2 + 7*c - 6. Let i be d(-7). Calculate the remainder when p(i) is divided by 23.
21
What is the remainder when 127 is divided by (-1890)/(-72) - (-2)/(-8)?
23
Let a be 2/2 + (0 - 24). Let y be (-3 - -2) + (0 - 14). Let u = y - a. What is the remainder when u is divided by 5?
3
Suppose 2*q - 126 = -q. Let g = q - 30. What is the remainder when 23 is divided by g?
11
Let p = -20 - -33. What is the remainder when 36 is divided by p?
10
Suppose 4*t = f + 9, -3*t - 3*f = -8*f + 6. Let l = t - 3. Suppose -8*b + 4*b + 20 = l. What is the remainder when 13 is divided by b?
3
Let i = -18 - -36. Calculate the remainder when 35 is divided by i.
17
Calculate the remainder when (15/(45/(-102)))/((-3)/9) is divided by (-2)/((-4)/70) + 0.
32
Suppose 6*h - h = 60. Suppose -5*i + 99 + 101 = 0. Calculate the remainder when 1865/i + 3/8 is divided by h.
11
Suppose -v - 3*v = -144. Suppose 2*q = -2*q + v. Suppose 0*z - u + 39 = 2*z, -5*z = u - 90. What is the remainder when z is divided by q?
8
Suppose 0 = s - 8 + 4. Let g = 60 + -34. Suppose -s*w = -x + g, x + 0*x - w - 11 = 0. Calculate the remainder when 10 is divided by x.
4
Suppose 4*q - 22 = 2*q + 4*v, 5*q = 5*v + 35. Let p(x) = x**3 - 2*x**2 + x + 1. Calculate the remainder when p(q) is divided by 5.
3
What is the remainder when ((-2)/3)/(6/(-9)) is divided by 1?
0
Suppose -7*g + 24 = -4*g. Let j = g + 8. Calculate the remainder when 29 is divided by j.
13
Let m(c) = -5*c - 4. Let h(w) = 2*w**2 - 3*w - 14. What is the remainder when h(-6) is divided by m(-6)?
24
Let c(x) = x**3 + 5*x**2 - x - 1. Let o be ((-4)/(-2) - 1) + -6. What is the remainder when 13 is divided by c(o)?
1
Let i = -23 - -55. Calculate the remainder when ((-682)/(-33))/((-1)/(-3)) is divided by i.
30
What is the remainder when 36/60 + (-212)/(-5) is divided by 16?
11
Let k(c) = -3*c + 1. Let i(u) = -2*u - 1. Let p be i(-1). Let z(r) = 21*r**2 - 1. Calculate the remainder when z(p) is divided by k(-2).
6
Let n(d) = -d**3 + 4*d**2 + 7*d + 1. Let g = 22 + -16. What is the remainder when n(5) is divided by g?
5
Let j(w) = w**3 + 7*w**2 + 4*w - 1. Calculate the remainder when j(-6) is divided by 6.
5
Let t(n) = n**2 - 4*n - 7. Calculate the remainder when t(-4) is divided by 13.
12
Let n(k) = -k - 7. Let f be n(-7). Suppose f = c - 3*t - 41, -5*c + t = 6*t - 105. Calculate the remainder when c is divided by 9.
8
Suppose 3*y + 3 = 4*y. What is the remainder when 46 is divided by ((-18)/7)/(y/(-28))?
22
Suppose 5*c - 20 = -5*z, 0 + 5 = -5*z. Calculate the remainder when 14 is divided by 0*(-2)/6 + c.
4
Let z = 7 - 7. Suppose -4*w + 34 = -2*b, -14 = -z*w - 2*w + 4*b. What is the remainder when 16 is divided by w?
7
Suppose 0 = 3*j - 3*b + 24 + 27, -b + 59 = -4*j. Let m = j + 34. Calculate the remainder when m is divided by 1 + 1/(2/20).
9
Let l(b) = 4*b**2 - 2*b + 2. Calculate the remainder when l(3) is divided by 11.
10
Let z = 7 - 5. Suppose a + 16 - 1 = 0. Calculate the remainder when z is divided by (-4)/(-14) + a/(-21).
0
Let z(s) = s**2 - 31*s + 39. Calculate the remainder when 17 is divided by z(30).
8
Calculate the remainder when 18 is divided by ((-15)/(-2))/(6/8).
8
Suppose 2*v = -y - v - 17, -4*y - 13 = v. Calculate the remainder when 12 is divided by (-3 - -4)/(y/(-14)).
5
Let d be ((-20)/(-8))/(-5)*-44. Suppose t + d = 3*t. Calculate the remainder when t is divided by 7.
4
Suppose m + 3*t + 8 = 0, 60 = m + 4*m - 5*t. Calculate the remainder when 26 is divided by m.
5
Let r = 46 + -4. Suppose -y + 3*y - 4*b = 30, 3*b + 17 = y. Calculate the remainder when r is divided by y.
9
Suppose 0 = -3*f - 155 + 1475. Calculate the remainder when 39 is divided by f/30 - (-4)/(-6).
11
Suppose -5*m - 3*l + 124 = l, 3*l = -12. What is the remainder when m is divided by 16?
12
Let b be (24/30)/(2/20). Let i be 34/b - (-2)/(-8). Suppose -i*c + 20 = -2*c. What is the remainder when c is divided by 4?
2
Let s(x) = -3*x**2 + x - 1. Let l(p) = p**2 - p + 1. Suppose -2*v + 2 = -3*v. Let i(t) = v*s(t) - 5*l(t). Calculate the remainder when i(-4) is divided by 1.
0
Let l(w) = -w - 6. Let d(v) = -6*v - 31. Let o(s) = -2*d(s) + 11*l(s). Let u(z) = 3*z + 1. Let p be u(3). Calculate the remainder when 11 is divided by o(p).
5
Let v(u) = 2*u**2 + 6*u - 4. Let w be -5 + 1 - (0 + 2). Suppose 33 = 5*q - 22. What is the remainder when v(w) is divided by q?
10
Let a(k) = 4*k**2 + k - 4. Calculate the remainder when a(-3) is divided by 5.
4
Let n(v) = -2*v + 3. Let r be n(4). Suppose 3*i - 3*d + d = 136, 92 = 2*i - d. Let g = i - r. Calculate the remainder when g is divided by 14.
11
Suppose 5*y = -5*k + 70, 5*k + 17 = -3*y + 89. What is the remainder when 27 is divided by k?
12
Suppose -4*w + 2 = -3*w. Let g be -1 + w + 6 + -2. Suppose 0 = -5*o + g*l - 3 + 33, -3*l = 2*o - 12. Calculate the remainder when o is divided by 4.
2
Let c = -162 - -245. Let k = -33 + c. What is the remainder when k is divided by 18?
14
Let t = 126 + -52. Let d = 39 + -24. Suppose 0 = 4*f + 5*g - t + d, 65 = 4*f - g. Calculate the remainder when 46 is divided by f.
14
Suppose 0*o = 5*o - 30. Let l be ((-7)/3)/(1/o). Let u = -1 - l. What is the remainder when 24 is divided by u?
11
Suppose -12*f + 509 + 319 = 0. What is the remainder when f is divided by 35?
34
Calculate the remainder when (-26)/(-91) - 313/(-7) i